{"id":121,"date":"2020-11-28T10:57:51","date_gmt":"2020-11-28T10:57:51","guid":{"rendered":"https:\/\/liceogalois.co\/?page_id=121"},"modified":"2025-11-04T20:09:35","modified_gmt":"2025-11-05T01:09:35","slug":"home","status":"publish","type":"page","link":"https:\/\/liceogalois.co\/","title":{"rendered":"Home"},"content":{"rendered":"\t\t<div data-elementor-type=\"wp-page\" data-elementor-id=\"121\" class=\"elementor elementor-121\">\n\t\t\t\t\t\t<section class=\"elementor-section elementor-top-section elementor-element elementor-element-3f523fb site-hero elementor-section-content-middle elementor-section-boxed elementor-section-height-default elementor-section-height-default\" data-id=\"3f523fb\" data-element_type=\"section\" data-e-type=\"section\" data-settings=\"{&quot;background_background&quot;:&quot;classic&quot;,&quot;shape_divider_bottom&quot;:&quot;waves&quot;,&quot;shape_divider_bottom_negative&quot;:&quot;yes&quot;}\">\n\t\t\t\t\t<div class=\"elementor-shape elementor-shape-bottom\" aria-hidden=\"true\" data-negative=\"true\">\n\t\t\t<svg xmlns=\"http:\/\/www.w3.org\/2000\/svg\" viewBox=\"0 0 1000 100\" preserveAspectRatio=\"none\">\n\t<path class=\"elementor-shape-fill\" d=\"M790.5,93.1c-59.3-5.3-116.8-18-192.6-50c-29.6-12.7-76.9-31-100.5-35.9c-23.6-4.9-52.6-7.8-75.5-5.3\n\tc-10.2,1.1-22.6,1.4-50.1,7.4c-27.2,6.3-58.2,16.6-79.4,24.7c-41.3,15.9-94.9,21.9-134,22.6C72,58.2,0,25.8,0,25.8V100h1000V65.3\n\tc0,0-51.5,19.4-106.2,25.7C839.5,97,814.1,95.2,790.5,93.1z\"\/>\n<\/svg>\t\t<\/div>\n\t\t\t\t\t<div class=\"elementor-container elementor-column-gap-default\">\n\t\t\t\t\t<div class=\"elementor-column elementor-col-50 elementor-top-column elementor-element elementor-element-0b6fc29\" data-id=\"0b6fc29\" data-element_type=\"column\" data-e-type=\"column\">\n\t\t\t<div class=\"elementor-widget-wrap elementor-element-populated\">\n\t\t\t\t\t\t<div class=\"elementor-element elementor-element-6f5c95d elementor-widget elementor-widget-shelly-heading-split\" data-id=\"6f5c95d\" data-element_type=\"widget\" data-e-type=\"widget\" data-widget_type=\"shelly-heading-split.default\">\n\t\t\t\t<div class=\"elementor-widget-container\">\n\t\t\t\t\t        <div class=\"site-heading\">\n            <h1 class=\"shelly-heading\">\n            Asumimos la responsabilidad de dar una formaci\u00f3n <span>Integral<\/span>             <\/h1>\n\n                    <\/div>\n        \t\t\t\t<\/div>\n\t\t\t\t<\/div>\n\t\t\t\t<div class=\"elementor-element elementor-element-cf897a3 elementor-widget elementor-widget-text-editor\" data-id=\"cf897a3\" data-element_type=\"widget\" data-e-type=\"widget\" data-widget_type=\"text-editor.default\">\n\t\t\t\t\t\t\t\t\t<p><strong>El Liceo Galois<\/strong> fomenta entre los miembros de su comunidad la igualdad social con el prop\u00f3sito de hacer un ambiente escolar propicio para el desarrollo<\/p>\t\t\t\t\t\t\t\t<\/div>\n\t\t\t\t\t<\/div>\n\t\t<\/div>\n\t\t\t\t<div class=\"elementor-column elementor-col-50 elementor-top-column elementor-element elementor-element-3d12621 elementor-hidden-phone\" data-id=\"3d12621\" data-element_type=\"column\" data-e-type=\"column\">\n\t\t\t<div class=\"elementor-widget-wrap elementor-element-populated\">\n\t\t\t\t\t\t<div class=\"elementor-element elementor-element-2b650d5 fadeInUp elementor-widget elementor-widget-shelly-hero-image\" data-id=\"2b650d5\" data-element_type=\"widget\" data-e-type=\"widget\" data-widget_type=\"shelly-hero-image.default\">\n\t\t\t\t<div class=\"elementor-widget-container\">\n\t\t\t\t\t        <div class=\"site-hero-image\">\n                        <figure class=\"fadeInUp\">\n                <img decoding=\"async\"\n                    src=\"http:\/\/liceogalois.co\/wp-content\/uploads\/2025\/11\/WhatsApp-Image-2025-11-03-at-07.37.14-3.jpeg\"\n                    alt=\"\" >\n            <\/figure>\n            <div class=\"color-accent fadeInUp\">\n                <span class=\"color-accent-motion\"><\/span>\n            <\/div>\n                        <figure class=\"fadeInUp\">\n                <img decoding=\"async\"\n                    src=\"http:\/\/liceogalois.co\/wp-content\/uploads\/2025\/11\/WhatsApp-Image-2025-11-03-at-07.37.14-2.jpeg\"\n                    alt=\"\" >\n            <\/figure>\n            <div class=\"color-accent fadeInUp\">\n                <span class=\"color-accent-motion\"><\/span>\n            <\/div>\n                        <figure class=\"fadeInUp\">\n                <img decoding=\"async\"\n                    src=\"http:\/\/liceogalois.co\/wp-content\/uploads\/2025\/11\/WhatsApp-Image-2025-11-03-at-07.37.14-1.jpeg\"\n                    alt=\"\" >\n            <\/figure>\n            <div class=\"color-accent fadeInUp\">\n                <span class=\"color-accent-motion\"><\/span>\n            <\/div>\n                        <figure class=\"fadeInUp\">\n                <img decoding=\"async\"\n                    src=\"http:\/\/liceogalois.co\/wp-content\/uploads\/2025\/11\/WhatsApp-Image-2025-11-03-at-07.37.14.jpeg\"\n                    alt=\"\" >\n            <\/figure>\n            <div class=\"color-accent fadeInUp\">\n                <span class=\"color-accent-motion\"><\/span>\n            <\/div>\n                    <\/div>\n        \t\t\t\t<\/div>\n\t\t\t\t<\/div>\n\t\t\t\t\t<\/div>\n\t\t<\/div>\n\t\t\t\t\t<\/div>\n\t\t<\/section>\n\t\t\t\t<section class=\"elementor-section elementor-top-section elementor-element elementor-element-f7d6667 elementor-section-boxed elementor-section-height-default elementor-section-height-default\" data-id=\"f7d6667\" data-element_type=\"section\" data-e-type=\"section\">\n\t\t\t\t\t\t<div class=\"elementor-container elementor-column-gap-default\">\n\t\t\t\t\t<div class=\"elementor-column elementor-col-100 elementor-top-column elementor-element elementor-element-c789b0f\" data-id=\"c789b0f\" data-element_type=\"column\" data-e-type=\"column\">\n\t\t\t<div class=\"elementor-widget-wrap elementor-element-populated\">\n\t\t\t\t\t\t<div class=\"elementor-element elementor-element-ede449b elementor-widget elementor-widget-shelly-heading-split\" data-id=\"ede449b\" data-element_type=\"widget\" data-e-type=\"widget\" data-widget_type=\"shelly-heading-split.default\">\n\t\t\t\t<div class=\"elementor-widget-container\">\n\t\t\t\t\t        <div class=\"site-heading\">\n            <h2 class=\"shelly-heading\">\n            Liceo <span>Galois<\/span>             <\/h2>\n\n                    <\/div>\n        \t\t\t\t<\/div>\n\t\t\t\t<\/div>\n\t\t\t\t<div class=\"elementor-element elementor-element-d1cf9b9 elementor-widget elementor-widget-text-editor\" data-id=\"d1cf9b9\" data-element_type=\"widget\" data-e-type=\"widget\" data-widget_type=\"text-editor.default\">\n\t\t\t\t\t\t\t\t\t<p>Nuestra Instituci\u00f3n se propone la formaci\u00f3n de j\u00f3venes conscientes, responsables, cr\u00edticos, investigadores, dotados de una cultura human\u00edstica.<\/p>\t\t\t\t\t\t\t\t<\/div>\n\t\t\t\t\t<\/div>\n\t\t<\/div>\n\t\t\t\t\t<\/div>\n\t\t<\/section>\n\t\t\t\t<section class=\"elementor-section elementor-top-section elementor-element elementor-element-f2a4c81 site-features elementor-section-content-middle elementor-section-boxed elementor-section-height-default elementor-section-height-default\" data-id=\"f2a4c81\" data-element_type=\"section\" data-e-type=\"section\">\n\t\t\t\t\t\t<div class=\"elementor-container elementor-column-gap-default\">\n\t\t\t\t\t<div class=\"elementor-column elementor-col-33 elementor-top-column elementor-element elementor-element-bbd7383\" data-id=\"bbd7383\" data-element_type=\"column\" data-e-type=\"column\">\n\t\t\t<div class=\"elementor-widget-wrap elementor-element-populated\">\n\t\t\t\t\t\t<div class=\"elementor-element elementor-element-bbd0c06 elementor-invisible elementor-widget elementor-widget-shelly-feature-box\" data-id=\"bbd0c06\" data-element_type=\"widget\" data-e-type=\"widget\" data-settings=\"{&quot;_animation&quot;:&quot;fadeInUp&quot;}\" data-widget_type=\"shelly-feature-box.default\">\n\t\t\t\t<div class=\"elementor-widget-container\">\n\t\t\t\t\t            <div class=\"site-feature\">\n                <div class=\"site-feature--icon\">\n                                    <\/div>\n                                <h5>Docentes Experimentados<\/h5>\n                                \n                            <\/div>\n\t\t\t\t\t\t<\/div>\n\t\t\t\t<\/div>\n\t\t\t\t\t<\/div>\n\t\t<\/div>\n\t\t\t\t<div class=\"elementor-column elementor-col-33 elementor-top-column elementor-element elementor-element-21b5f2d\" data-id=\"21b5f2d\" data-element_type=\"column\" data-e-type=\"column\">\n\t\t\t<div class=\"elementor-widget-wrap elementor-element-populated\">\n\t\t\t\t\t\t<div class=\"elementor-element elementor-element-dec3f8e elementor-invisible elementor-widget elementor-widget-shelly-feature-image-box\" data-id=\"dec3f8e\" data-element_type=\"widget\" data-e-type=\"widget\" data-settings=\"{&quot;_animation&quot;:&quot;fadeInUp&quot;,&quot;_animation_delay&quot;:100}\" data-widget_type=\"shelly-feature-image-box.default\">\n\t\t\t\t<div class=\"elementor-widget-container\">\n\t\t\t\t\t\n            <div class=\"site-feature\">\n\n                <div class=\"site-feature--image\">\n                                    <\/div>\n                                <h5>Plan de Estudios<\/h5>\n                                \n                <a class=\"btn-default\" href=\"http:\/\/liceogalois.co\/wp-content\/uploads\/2025\/11\/PLAN-DE-ESTUDIO-POR-NIVELES.docx\" target=\"_blank\" rel=\"nofollow\">Descargar<\/a>                            <\/div>\n\t\t\t\t\t\t<\/div>\n\t\t\t\t<\/div>\n\t\t\t\t\t<\/div>\n\t\t<\/div>\n\t\t\t\t<div class=\"elementor-column elementor-col-33 elementor-top-column elementor-element elementor-element-cdb150a\" data-id=\"cdb150a\" data-element_type=\"column\" data-e-type=\"column\">\n\t\t\t<div class=\"elementor-widget-wrap elementor-element-populated\">\n\t\t\t\t\t\t<div class=\"elementor-element elementor-element-7b766ab elementor-invisible elementor-widget elementor-widget-shelly-feature-box\" data-id=\"7b766ab\" data-element_type=\"widget\" data-e-type=\"widget\" data-settings=\"{&quot;_animation&quot;:&quot;fadeInUp&quot;,&quot;_animation_delay&quot;:100}\" data-widget_type=\"shelly-feature-box.default\">\n\t\t\t\t<div class=\"elementor-widget-container\">\n\t\t\t\t\t            <div class=\"site-feature\">\n                <div class=\"site-feature--icon\">\n                                    <\/div>\n                                <h5>Tecnolog\u00eda<\/h5>\n                                \n                            <\/div>\n\t\t\t\t\t\t<\/div>\n\t\t\t\t<\/div>\n\t\t\t\t\t<\/div>\n\t\t<\/div>\n\t\t\t\t\t<\/div>\n\t\t<\/section>\n\t\t\t\t<section class=\"elementor-section elementor-top-section elementor-element elementor-element-ab38780 elementor-hidden-phone elementor-section-boxed elementor-section-height-default elementor-section-height-default\" data-id=\"ab38780\" data-element_type=\"section\" data-e-type=\"section\">\n\t\t\t\t\t\t<div class=\"elementor-container elementor-column-gap-default\">\n\t\t\t\t\t<div class=\"elementor-column elementor-col-100 elementor-top-column elementor-element elementor-element-29e96ee\" data-id=\"29e96ee\" data-element_type=\"column\" data-e-type=\"column\">\n\t\t\t<div class=\"elementor-widget-wrap elementor-element-populated\">\n\t\t\t\t\t\t<div class=\"elementor-element elementor-element-05ef5d0 elementor-widget elementor-widget-shelly-heading-split\" data-id=\"05ef5d0\" data-element_type=\"widget\" data-e-type=\"widget\" data-widget_type=\"shelly-heading-split.default\">\n\t\t\t\t<div class=\"elementor-widget-container\">\n\t\t\t\t\t        <div class=\"site-heading\">\n            <h2 class=\"shelly-heading\">\n            Nuestra <span>Galer\u00eda<\/span>             <\/h2>\n\n                    <\/div>\n        \t\t\t\t<\/div>\n\t\t\t\t<\/div>\n\t\t\t\t\t<\/div>\n\t\t<\/div>\n\t\t\t\t\t<\/div>\n\t\t<\/section>\n\t\t\t\t<div class=\"elementor-section elementor-top-section elementor-element elementor-element-e428f05 elementor-section-boxed elementor-section-height-default elementor-section-height-default\" data-id=\"e428f05\" data-element_type=\"section\" data-e-type=\"section\">\n\t\t\t\t\t\t<div class=\"elementor-container elementor-column-gap-default\">\n\t\t\t\t\t<div class=\"elementor-column elementor-col-100 elementor-top-column elementor-element elementor-element-9f92390\" data-id=\"9f92390\" data-element_type=\"column\" data-e-type=\"column\">\n\t\t\t<div class=\"elementor-widget-wrap elementor-element-populated\">\n\t\t\t\t\t\t<div class=\"elementor-element elementor-element-bacdd19 zoomIn elementor-hidden-phone elementor-widget elementor-widget-shelly-masonry-gallery\" data-id=\"bacdd19\" data-element_type=\"widget\" data-e-type=\"widget\" data-widget_type=\"shelly-masonry-gallery.default\">\n\t\t\t\t<div class=\"elementor-widget-container\">\n\t\t\t\t\t        <div class=\"masonry-gallery\">\n                        <div class=\"masonry-gallery--image zoomIn\">\n                <a\n                    data-elementor-open-lightbox=\"yes\"\n                    data-elementor-lightbox-slideshow=\"217ee89\"\n                    data-elementor-lightbox-title=\"\" href=\"http:\/\/liceogalois.co\/wp-content\/uploads\/2025\/11\/510935530_10099912173456240_6953647248194356593_n.jpg\" >\n                    <img decoding=\"async\"\n                        src=\"http:\/\/liceogalois.co\/wp-content\/uploads\/2025\/11\/510935530_10099912173456240_6953647248194356593_n.jpg\"\n                        alt=\"\" >\n                <\/a>\n            <\/div>\n                        <div class=\"masonry-gallery--image zoomIn\">\n                <a\n                    data-elementor-open-lightbox=\"yes\"\n                    data-elementor-lightbox-slideshow=\"217ee89\"\n                    data-elementor-lightbox-title=\"\" href=\"http:\/\/liceogalois.co\/wp-content\/uploads\/2025\/11\/509430621_23866972502990307_6743153875203235829_n.jpg\" >\n                    <img decoding=\"async\"\n                        src=\"http:\/\/liceogalois.co\/wp-content\/uploads\/2025\/11\/509430621_23866972502990307_6743153875203235829_n.jpg\"\n                        alt=\"\" >\n                <\/a>\n            <\/div>\n                        <div class=\"masonry-gallery--image zoomIn\">\n                <a\n                    data-elementor-open-lightbox=\"yes\"\n                    data-elementor-lightbox-slideshow=\"217ee89\"\n                    data-elementor-lightbox-title=\"\" href=\"http:\/\/liceogalois.co\/wp-content\/uploads\/2025\/11\/481782385_10227518820212448_6739974876835676402_n.jpg\" >\n                    <img decoding=\"async\"\n                        src=\"http:\/\/liceogalois.co\/wp-content\/uploads\/2025\/11\/481782385_10227518820212448_6739974876835676402_n.jpg\"\n                        alt=\"\" >\n                <\/a>\n            <\/div>\n                        <div class=\"masonry-gallery--image zoomIn\">\n                <a\n                    data-elementor-open-lightbox=\"yes\"\n                    data-elementor-lightbox-slideshow=\"217ee89\"\n                    data-elementor-lightbox-title=\"\" href=\"http:\/\/liceogalois.co\/wp-content\/uploads\/2025\/11\/481211669_2060987634346624_8774070491489794595_n.jpg\" >\n                    <img decoding=\"async\"\n                        src=\"http:\/\/liceogalois.co\/wp-content\/uploads\/2025\/11\/481211669_2060987634346624_8774070491489794595_n.jpg\"\n                        alt=\"\" >\n                <\/a>\n            <\/div>\n                        <div class=\"masonry-gallery--image zoomIn\">\n                <a\n                    data-elementor-open-lightbox=\"yes\"\n                    data-elementor-lightbox-slideshow=\"217ee89\"\n                    data-elementor-lightbox-title=\"\" href=\"http:\/\/liceogalois.co\/wp-content\/uploads\/2025\/11\/45221537_555257658252970_7396386751222120448_n.jpg\" >\n                    <img decoding=\"async\"\n                        src=\"http:\/\/liceogalois.co\/wp-content\/uploads\/2025\/11\/45221537_555257658252970_7396386751222120448_n.jpg\"\n                        alt=\"\" >\n                <\/a>\n            <\/div>\n                        <div class=\"masonry-gallery--image zoomIn\">\n                <a\n                    data-elementor-open-lightbox=\"yes\"\n                    data-elementor-lightbox-slideshow=\"217ee89\"\n                    data-elementor-lightbox-title=\"\" href=\"http:\/\/liceogalois.co\/wp-content\/uploads\/2025\/11\/WhatsApp-Image-2025-11-03-at-07.37.14.jpeg\" >\n                    <img decoding=\"async\"\n                        src=\"http:\/\/liceogalois.co\/wp-content\/uploads\/2025\/11\/WhatsApp-Image-2025-11-03-at-07.37.14.jpeg\"\n                        alt=\"\" >\n                <\/a>\n            <\/div>\n                        <div class=\"masonry-gallery--image zoomIn\">\n                <a\n                    data-elementor-open-lightbox=\"yes\"\n                    data-elementor-lightbox-slideshow=\"217ee89\"\n                    data-elementor-lightbox-title=\"\" href=\"http:\/\/liceogalois.co\/wp-content\/uploads\/2025\/11\/WhatsApp-Image-2025-11-03-at-07.37.14-1.jpeg\" >\n                    <img decoding=\"async\"\n                        src=\"http:\/\/liceogalois.co\/wp-content\/uploads\/2025\/11\/WhatsApp-Image-2025-11-03-at-07.37.14-1.jpeg\"\n                        alt=\"\" >\n                <\/a>\n            <\/div>\n                        <div class=\"masonry-gallery--image zoomIn\">\n                <a\n                    data-elementor-open-lightbox=\"yes\"\n                    data-elementor-lightbox-slideshow=\"217ee89\"\n                    data-elementor-lightbox-title=\"\" href=\"http:\/\/liceogalois.co\/wp-content\/uploads\/2025\/11\/WhatsApp-Image-2025-11-03-at-07.37.14-2.jpeg\" >\n                    <img decoding=\"async\"\n                        src=\"http:\/\/liceogalois.co\/wp-content\/uploads\/2025\/11\/WhatsApp-Image-2025-11-03-at-07.37.14-2.jpeg\"\n                        alt=\"\" >\n                <\/a>\n            <\/div>\n                        <div class=\"masonry-gallery--image zoomIn\">\n                <a\n                    data-elementor-open-lightbox=\"yes\"\n                    data-elementor-lightbox-slideshow=\"217ee89\"\n                    data-elementor-lightbox-title=\"\" href=\"http:\/\/liceogalois.co\/wp-content\/uploads\/2025\/11\/WhatsApp-Image-2025-11-03-at-07.37.14-3.jpeg\" >\n                    <img decoding=\"async\"\n                        src=\"http:\/\/liceogalois.co\/wp-content\/uploads\/2025\/11\/WhatsApp-Image-2025-11-03-at-07.37.14-3.jpeg\"\n                        alt=\"\" >\n                <\/a>\n            <\/div>\n                        <span class=\"masonry-gallery--color-accent color-accent-motion zoomIn\"><\/span>\n            <span class=\"masonry-gallery--color-accent color-accent-motion zoomIn\"><\/span>\n            <span class=\"masonry-gallery--color-accent color-accent-motion zoomIn\"><\/span>\n        <\/div>\n\n        \t\t\t\t<\/div>\n\t\t\t\t<\/div>\n\t\t\t\t\t<\/div>\n\t\t<\/div>\n\t\t\t\t\t<\/div>\n\t\t<\/div>\n\t\t\t\t<\/div>\n\t\t","protected":false},"excerpt":{"rendered":"<p>Asumimos la responsabilidad de dar una formaci\u00f3n Integral El Liceo Galois fomenta entre los miembros de su comunidad la igualdad social con el prop\u00f3sito de hacer un ambiente escolar propicio para el desarrollo Liceo Galois Nuestra Instituci\u00f3n se propone la formaci\u00f3n de j\u00f3venes conscientes, responsables, cr\u00edticos, investigadores, dotados de una cultura human\u00edstica. Docentes Experimentados Plan [&hellip;]<\/p>\n","protected":false},"author":1,"featured_media":0,"parent":0,"menu_order":0,"comment_status":"closed","ping_status":"closed","template":"elementor_header_footer","meta":{"footnotes":""},"class_list":["post-121","page","type-page","status-publish","hentry"],"_links":{"self":[{"href":"https:\/\/liceogalois.co\/index.php?rest_route=\/wp\/v2\/pages\/121","targetHints":{"allow":["GET"]}}],"collection":[{"href":"https:\/\/liceogalois.co\/index.php?rest_route=\/wp\/v2\/pages"}],"about":[{"href":"https:\/\/liceogalois.co\/index.php?rest_route=\/wp\/v2\/types\/page"}],"author":[{"embeddable":true,"href":"https:\/\/liceogalois.co\/index.php?rest_route=\/wp\/v2\/users\/1"}],"replies":[{"embeddable":true,"href":"https:\/\/liceogalois.co\/index.php?rest_route=%2Fwp%2Fv2%2Fcomments&post=121"}],"version-history":[{"count":10,"href":"https:\/\/liceogalois.co\/index.php?rest_route=\/wp\/v2\/pages\/121\/revisions"}],"predecessor-version":[{"id":2346,"href":"https:\/\/liceogalois.co\/index.php?rest_route=\/wp\/v2\/pages\/121\/revisions\/2346"}],"wp:attachment":[{"href":"https:\/\/liceogalois.co\/index.php?rest_route=%2Fwp%2Fv2%2Fmedia&parent=121"}],"curies":[{"name":"wp","href":"https:\/\/api.w.org\/{rel}","templated":true}]}}